{"id":1515,"date":"2024-09-09T10:30:46","date_gmt":"2024-09-09T02:30:46","guid":{"rendered":"http:\/\/www.sunzos.net\/?post_type=product&#038;p=1515"},"modified":"2025-03-05T11:08:46","modified_gmt":"2025-03-05T03:08:46","slug":"toilettenpapierhalter-ohne-bohrentoilettenpapierhalter-mit-feuchttucherbox","status":"publish","type":"product","link":"https:\/\/www.sunzos.net\/index.php\/product\/toilettenpapierhalter-ohne-bohrentoilettenpapierhalter-mit-feuchttucherbox\/","title":{"rendered":"SUNZOS Klopapierhalter Ohne Bohren,Toilettenpapierhalter Schwarz,Klopapierhalter mit Feuchtt\u00fccherbox,WC Toilettenpapierhalter mit Ablage f\u00fcr Badzimmer,Selbstklebend or Bohren"},"content":{"rendered":"<p><img fetchpriority=\"high\" decoding=\"async\" class=\"alignnone  wp-image-1677\" src=\"https:\/\/www.sunzos.net\/wp-content\/uploads\/2024\/09\/A1-.jpg\" alt=\"\" width=\"1466\" height=\"907\" srcset=\"https:\/\/www.sunzos.net\/wp-content\/uploads\/2024\/09\/A1-.jpg 970w, https:\/\/www.sunzos.net\/wp-content\/uploads\/2024\/09\/A1--300x186.jpg 300w, https:\/\/www.sunzos.net\/wp-content\/uploads\/2024\/09\/A1--768x475.jpg 768w, https:\/\/www.sunzos.net\/wp-content\/uploads\/2024\/09\/A1--600x371.jpg 600w\" sizes=\"(max-width: 1466px) 100vw, 1466px\" \/><img decoding=\"async\" class=\"alignnone wp-image-1680\" src=\"https:\/\/www.sunzos.net\/wp-content\/uploads\/2024\/09\/2.0.jpg\" alt=\"\" width=\"1467\" height=\"1467\" srcset=\"https:\/\/www.sunzos.net\/wp-content\/uploads\/2024\/09\/2.0.jpg 1600w, https:\/\/www.sunzos.net\/wp-content\/uploads\/2024\/09\/2.0-300x300.jpg 300w, https:\/\/www.sunzos.net\/wp-content\/uploads\/2024\/09\/2.0-1024x1024.jpg 1024w, https:\/\/www.sunzos.net\/wp-content\/uploads\/2024\/09\/2.0-150x150.jpg 150w, https:\/\/www.sunzos.net\/wp-content\/uploads\/2024\/09\/2.0-768x768.jpg 768w, https:\/\/www.sunzos.net\/wp-content\/uploads\/2024\/09\/2.0-1536x1536.jpg 1536w, https:\/\/www.sunzos.net\/wp-content\/uploads\/2024\/09\/2.0-600x600.jpg 600w, https:\/\/www.sunzos.net\/wp-content\/uploads\/2024\/09\/2.0-100x100.jpg 100w\" sizes=\"(max-width: 1467px) 100vw, 1467px\" \/>\u00a0<img decoding=\"async\" class=\"alignnone wp-image-1688\" src=\"https:\/\/www.sunzos.net\/wp-content\/uploads\/2024\/09\/\u573a\u666f\u56fe1.jpg\" alt=\"\" width=\"1468\" height=\"1468\" srcset=\"https:\/\/www.sunzos.net\/wp-content\/uploads\/2024\/09\/\u573a\u666f\u56fe1.jpg 2000w, https:\/\/www.sunzos.net\/wp-content\/uploads\/2024\/09\/\u573a\u666f\u56fe1-300x300.jpg 300w, https:\/\/www.sunzos.net\/wp-content\/uploads\/2024\/09\/\u573a\u666f\u56fe1-1024x1024.jpg 1024w, https:\/\/www.sunzos.net\/wp-content\/uploads\/2024\/09\/\u573a\u666f\u56fe1-150x150.jpg 150w, https:\/\/www.sunzos.net\/wp-content\/uploads\/2024\/09\/\u573a\u666f\u56fe1-768x768.jpg 768w, https:\/\/www.sunzos.net\/wp-content\/uploads\/2024\/09\/\u573a\u666f\u56fe1-1536x1536.jpg 1536w, https:\/\/www.sunzos.net\/wp-content\/uploads\/2024\/09\/\u573a\u666f\u56fe1-600x600.jpg 600w, https:\/\/www.sunzos.net\/wp-content\/uploads\/2024\/09\/\u573a\u666f\u56fe1-100x100.jpg 100w\" sizes=\"(max-width: 1468px) 100vw, 1468px\" \/> <img loading=\"lazy\" decoding=\"async\" class=\"alignnone wp-image-1691\" src=\"https:\/\/www.sunzos.net\/wp-content\/uploads\/2024\/09\/\u573a\u666f\u56fe4.jpg\" alt=\"\" width=\"1469\" height=\"1469\" srcset=\"https:\/\/www.sunzos.net\/wp-content\/uploads\/2024\/09\/\u573a\u666f\u56fe4.jpg 2000w, https:\/\/www.sunzos.net\/wp-content\/uploads\/2024\/09\/\u573a\u666f\u56fe4-300x300.jpg 300w, https:\/\/www.sunzos.net\/wp-content\/uploads\/2024\/09\/\u573a\u666f\u56fe4-1024x1024.jpg 1024w, https:\/\/www.sunzos.net\/wp-content\/uploads\/2024\/09\/\u573a\u666f\u56fe4-150x150.jpg 150w, https:\/\/www.sunzos.net\/wp-content\/uploads\/2024\/09\/\u573a\u666f\u56fe4-768x768.jpg 768w, https:\/\/www.sunzos.net\/wp-content\/uploads\/2024\/09\/\u573a\u666f\u56fe4-1536x1536.jpg 1536w, https:\/\/www.sunzos.net\/wp-content\/uploads\/2024\/09\/\u573a\u666f\u56fe4-600x600.jpg 600w, https:\/\/www.sunzos.net\/wp-content\/uploads\/2024\/09\/\u573a\u666f\u56fe4-100x100.jpg 100w\" sizes=\"(max-width: 1469px) 100vw, 1469px\" \/><img loading=\"lazy\" decoding=\"async\" class=\"alignnone  wp-image-1679\" src=\"https:\/\/www.sunzos.net\/wp-content\/uploads\/2024\/09\/A3-2.jpg\" alt=\"\" width=\"1470\" height=\"909\" srcset=\"https:\/\/www.sunzos.net\/wp-content\/uploads\/2024\/09\/A3-2.jpg 970w, https:\/\/www.sunzos.net\/wp-content\/uploads\/2024\/09\/A3-2-300x186.jpg 300w, https:\/\/www.sunzos.net\/wp-content\/uploads\/2024\/09\/A3-2-768x475.jpg 768w, https:\/\/www.sunzos.net\/wp-content\/uploads\/2024\/09\/A3-2-600x371.jpg 600w\" sizes=\"(max-width: 1470px) 100vw, 1470px\" \/><img loading=\"lazy\" decoding=\"async\" class=\"alignnone  wp-image-1678\" src=\"https:\/\/www.sunzos.net\/wp-content\/uploads\/2024\/09\/A2-1.jpg\" alt=\"\" width=\"1468\" height=\"908\" srcset=\"https:\/\/www.sunzos.net\/wp-content\/uploads\/2024\/09\/A2-1.jpg 970w, https:\/\/www.sunzos.net\/wp-content\/uploads\/2024\/09\/A2-1-300x186.jpg 300w, https:\/\/www.sunzos.net\/wp-content\/uploads\/2024\/09\/A2-1-768x475.jpg 768w, https:\/\/www.sunzos.net\/wp-content\/uploads\/2024\/09\/A2-1-600x371.jpg 600w\" sizes=\"(max-width: 1468px) 100vw, 1468px\" \/><\/p>\n<p>&nbsp;<\/p>\n<p>&nbsp;<\/p>\n","protected":false},"excerpt":{"rendered":"<p>\u30103-IN-1 Multifunktion\u3011SUNZOS toilettenpapierhalter ohne bohren,das L-f\u00f6rmige Papierrollendesign macht es bequemer, die Papierrolle zu ersetzen, und das Papier kann glatt nach unten gezogen werden, ohne stecken zu bleiben; Toilettenpapierhalter mit Regalen, kann Gegenst\u00e4nde wie Handys, Aromatherapie, Blumen usw. halten; Toilettenpapierhalter mit nassem Handtuchkasten, kann feuchte T\u00fccher, Taschent\u00fccher, Gesichtst\u00fccher, pers\u00f6nliche Gegenst\u00e4nde usw.<br \/>\n\u3010Gro\u00dfe Gr\u00f6\u00dfe\u3011Toilettenpapierhalter wei\u00df Gr\u00f6\u00dfe dieses ist 14.5\u00d79.2CM\/5.71.3.62IN, und der toilettenpapierhalter mit feuchtt\u00fccherbox ist 20\u00d712.5.7CM\/7.87\u00d74.92\u00d72.76IN.<br \/>\n\u3010Gute Stabilit\u00e4t\u3011Das Klebeband hat eine ausreichend gro\u00dfe Fl\u00e4che, um an der Wand zu kleben Das Klebeband hat eine gro\u00dfe Klebefl\u00e4che und ist sehr klebrig an der Wand. Die Schraubmontage ist sehr stabil. Drei Schnallen sind entworfen, und Sie k\u00f6nnen w\u00e4hlen, ob Sie sie auf der linken, mittleren oder rechten Seite installieren. Die Schnallen sind fest befestigt und fallen nicht ab.<br \/>\n\u3010Langlebige Materialien\u3011Der Klopapierhalter besteht aus hochwertigem ABS und Edelstahl, mit einem Oberfl\u00e4chenlackierungsprozess, wasserdicht und rostfrei, keine Angst vor Feuchtigkeit, langlebig und stark tragf\u00e4hig.<br \/>\n\u3010Zwei Installationsmethoden\u3011Der SUNZOS Klopapierhalter ist mit zwei gro\u00dfen Klebeb\u00e4ndern ausgestattet, um Stabilit\u00e4t w\u00e4hrend der Installation zu gew\u00e4hrleisten. (Das zweite Band ist ein Geschenk als Backup) Hinweis: Klebstoffinstallation eignet sich f\u00fcr glatte Oberfl\u00e4chen wie Keramikfliesenw\u00e4nde, Glas, Marmor und glattes Massivholz, au\u00dfer f\u00fcr Gipsw\u00e4nde, bemalte W\u00e4nde und Tapeten. Schraubenmontage: Der Toilettenpapierhalter mit Regalen wird mit einem kompletten Installationszubeh\u00f6r geliefert. Sie k\u00f6nnen es an jeder Wand installieren, es ist sehr stabil. Sie k\u00f6nnen zwischen zwei Installationsmethoden w\u00e4hlen<\/p>\n","protected":false},"featured_media":1516,"comment_status":"open","ping_status":"closed","template":"","meta":{"site-sidebar-layout":"default","site-content-layout":"default","ast-global-header-display":"","ast-main-header-display":"","ast-hfb-above-header-display":"","ast-hfb-below-header-display":"","ast-hfb-mobile-header-display":"","site-post-title":"","ast-breadcrumbs-content":"","ast-featured-img":"","footer-sml-layout":"","theme-transparent-header-meta":"default","adv-header-id-meta":"","stick-header-meta":"","header-above-stick-meta":"","header-main-stick-meta":"","header-below-stick-meta":""},"product_brand":[],"product_cat":[32],"product_tag":[],"class_list":{"0":"post-1515","1":"product","2":"type-product","3":"status-publish","4":"has-post-thumbnail","6":"product_cat-toilettenpapierhalter","7":"desktop-align-left","8":"tablet-align-left","9":"mobile-align-left","10":"ast-product-gallery-layout-horizontal-slider","11":"ast-product-single-variable","12":"ast-product-tabs-layout-horizontal","13":"ast-qv-on-image","15":"first","16":"instock","17":"shipping-taxable","18":"purchasable","19":"product-type-variable"},"_links":{"self":[{"href":"https:\/\/www.sunzos.net\/index.php\/wp-json\/wp\/v2\/product\/1515","targetHints":{"allow":["GET"]}}],"collection":[{"href":"https:\/\/www.sunzos.net\/index.php\/wp-json\/wp\/v2\/product"}],"about":[{"href":"https:\/\/www.sunzos.net\/index.php\/wp-json\/wp\/v2\/types\/product"}],"replies":[{"embeddable":true,"href":"https:\/\/www.sunzos.net\/index.php\/wp-json\/wp\/v2\/comments?post=1515"}],"wp:featuredmedia":[{"embeddable":true,"href":"https:\/\/www.sunzos.net\/index.php\/wp-json\/wp\/v2\/media\/1516"}],"wp:attachment":[{"href":"https:\/\/www.sunzos.net\/index.php\/wp-json\/wp\/v2\/media?parent=1515"}],"wp:term":[{"taxonomy":"product_brand","embeddable":true,"href":"https:\/\/www.sunzos.net\/index.php\/wp-json\/wp\/v2\/product_brand?post=1515"},{"taxonomy":"product_cat","embeddable":true,"href":"https:\/\/www.sunzos.net\/index.php\/wp-json\/wp\/v2\/product_cat?post=1515"},{"taxonomy":"product_tag","embeddable":true,"href":"https:\/\/www.sunzos.net\/index.php\/wp-json\/wp\/v2\/product_tag?post=1515"}],"curies":[{"name":"wp","href":"https:\/\/api.w.org\/{rel}","templated":true}]}}