{"id":1527,"date":"2024-09-09T10:35:20","date_gmt":"2024-09-09T02:35:20","guid":{"rendered":"http:\/\/www.sunzos.net\/?post_type=product&#038;p=1527"},"modified":"2024-12-09T16:34:02","modified_gmt":"2024-12-09T08:34:02","slug":"sunzos-deckenlampe-led-deckenleuchte-flach-36w-4500k-4100lm-30x2-5cm","status":"publish","type":"product","link":"https:\/\/www.sunzos.net\/index.php\/product\/sunzos-deckenlampe-led-deckenleuchte-flach-36w-4500k-4100lm-30x2-5cm\/","title":{"rendered":"SUNZOS Deckenlampe Led Deckenleuchte Dimmbar 36W, 3000K\/4500K\/6500K 30cm Deckenlampe Led Panel Dimmbar f\u00fcr Lampe Wohnzimmer, Schlafzimmer, K\u00fcchenlampe, Esszimmer, Badezimmer, Led Lampen Deckenlampen"},"content":{"rendered":"<p><img fetchpriority=\"high\" decoding=\"async\" class=\"alignnone  wp-image-1787\" src=\"https:\/\/www.sunzos.net\/wp-content\/uploads\/2024\/09\/\u5927\u6a2a\u5e45.jpg\" alt=\"\" width=\"1468\" height=\"454\" srcset=\"https:\/\/www.sunzos.net\/wp-content\/uploads\/2024\/09\/\u5927\u6a2a\u5e45.jpg 970w, https:\/\/www.sunzos.net\/wp-content\/uploads\/2024\/09\/\u5927\u6a2a\u5e45-300x93.jpg 300w, https:\/\/www.sunzos.net\/wp-content\/uploads\/2024\/09\/\u5927\u6a2a\u5e45-768x238.jpg 768w, https:\/\/www.sunzos.net\/wp-content\/uploads\/2024\/09\/\u5927\u6a2a\u5e45-600x186.jpg 600w\" sizes=\"(max-width: 1468px) 100vw, 1468px\" \/><img decoding=\"async\" class=\"alignnone  wp-image-1786\" src=\"https:\/\/www.sunzos.net\/wp-content\/uploads\/2024\/09\/A\u5927\u56fe.jpg\" alt=\"\" width=\"1470\" height=\"909\" srcset=\"https:\/\/www.sunzos.net\/wp-content\/uploads\/2024\/09\/A\u5927\u56fe.jpg 970w, https:\/\/www.sunzos.net\/wp-content\/uploads\/2024\/09\/A\u5927\u56fe-300x186.jpg 300w, https:\/\/www.sunzos.net\/wp-content\/uploads\/2024\/09\/A\u5927\u56fe-768x475.jpg 768w, https:\/\/www.sunzos.net\/wp-content\/uploads\/2024\/09\/A\u5927\u56fe-600x371.jpg 600w\" sizes=\"(max-width: 1470px) 100vw, 1470px\" \/><img decoding=\"async\" class=\"alignnone  wp-image-1785\" src=\"https:\/\/www.sunzos.net\/wp-content\/uploads\/2024\/09\/a4-1.jpg\" alt=\"\" width=\"1468\" height=\"908\" srcset=\"https:\/\/www.sunzos.net\/wp-content\/uploads\/2024\/09\/a4-1.jpg 970w, https:\/\/www.sunzos.net\/wp-content\/uploads\/2024\/09\/a4-1-300x186.jpg 300w, https:\/\/www.sunzos.net\/wp-content\/uploads\/2024\/09\/a4-1-768x475.jpg 768w, https:\/\/www.sunzos.net\/wp-content\/uploads\/2024\/09\/a4-1-600x371.jpg 600w\" sizes=\"(max-width: 1468px) 100vw, 1468px\" \/><img loading=\"lazy\" decoding=\"async\" class=\"alignnone wp-image-1788\" src=\"https:\/\/www.sunzos.net\/wp-content\/uploads\/2024\/09\/4-8.jpg\" alt=\"\" width=\"1469\" height=\"1469\" srcset=\"https:\/\/www.sunzos.net\/wp-content\/uploads\/2024\/09\/4-8.jpg 1600w, https:\/\/www.sunzos.net\/wp-content\/uploads\/2024\/09\/4-8-300x300.jpg 300w, https:\/\/www.sunzos.net\/wp-content\/uploads\/2024\/09\/4-8-1024x1024.jpg 1024w, https:\/\/www.sunzos.net\/wp-content\/uploads\/2024\/09\/4-8-150x150.jpg 150w, https:\/\/www.sunzos.net\/wp-content\/uploads\/2024\/09\/4-8-768x768.jpg 768w, https:\/\/www.sunzos.net\/wp-content\/uploads\/2024\/09\/4-8-1536x1536.jpg 1536w, https:\/\/www.sunzos.net\/wp-content\/uploads\/2024\/09\/4-8-600x600.jpg 600w, https:\/\/www.sunzos.net\/wp-content\/uploads\/2024\/09\/4-8-100x100.jpg 100w\" sizes=\"(max-width: 1469px) 100vw, 1469px\" \/><img loading=\"lazy\" decoding=\"async\" class=\"alignnone wp-image-1800\" src=\"https:\/\/www.sunzos.net\/wp-content\/uploads\/2024\/09\/\u5c0f\u5b69\u7761\u89c9\u56fe.jpg\" alt=\"\" width=\"1469\" height=\"1469\" srcset=\"https:\/\/www.sunzos.net\/wp-content\/uploads\/2024\/09\/\u5c0f\u5b69\u7761\u89c9\u56fe.jpg 1000w, https:\/\/www.sunzos.net\/wp-content\/uploads\/2024\/09\/\u5c0f\u5b69\u7761\u89c9\u56fe-300x300.jpg 300w, https:\/\/www.sunzos.net\/wp-content\/uploads\/2024\/09\/\u5c0f\u5b69\u7761\u89c9\u56fe-150x150.jpg 150w, https:\/\/www.sunzos.net\/wp-content\/uploads\/2024\/09\/\u5c0f\u5b69\u7761\u89c9\u56fe-768x768.jpg 768w, https:\/\/www.sunzos.net\/wp-content\/uploads\/2024\/09\/\u5c0f\u5b69\u7761\u89c9\u56fe-600x600.jpg 600w, https:\/\/www.sunzos.net\/wp-content\/uploads\/2024\/09\/\u5c0f\u5b69\u7761\u89c9\u56fe-100x100.jpg 100w\" sizes=\"(max-width: 1469px) 100vw, 1469px\" \/><\/p>\n<p>&nbsp;<\/p>\n","protected":false},"excerpt":{"rendered":"<ul class=\"a-unordered-list a-vertical a-spacing-mini\">\n<li class=\"a-spacing-mini\"><span class=\"a-list-item\">\u3010Led Lampen Dimmbar Farbtemperatur und Einstellbare Helligkeit\u3011\u25ba Sie k\u00f6nnen die Helligkeit Deckenleuchte Led Dimmbar von 7% bis 100% und die Farbtemperaturen von 3000K bis 6500K mit der Fernbedienung einstellen. Unsere Led Leuchte haben 168 hochwertige LEDs, erbringt energiesparenden von 36Watt eine Lichtleistung von 4000-4200 Lumen f\u00fcr ausreichend Licht in jedem Raum.<\/span><\/li>\n<li class=\"a-spacing-mini\"><span class=\"a-list-item\">\u3010Augenschutz &amp; Flimmerfrei Led Panel Deckenleuchte\u3011\u25ba Diese deckenleuchten \u00fcberzeugt durch ihre hohe Qualit\u00e4t und schlichte Eleganz. Und der Lampenschirm der LED Deckenlampe Dimmbar Mit Fernbedienung hat eine hohe Lichtdurchl\u00e4ssigkeit, das Licht wird geleichm\u00e4\u00dfig und weiches im Raum verteilt, Das Licht ist angenehm und blendet nicht.<\/span><\/li>\n<li class=\"a-spacing-mini\"><span class=\"a-list-item\">\u3010Weite Verwendung Led Deckenlampe\u3011\u25baSie k\u00f6nnen die Deckenleuchte in einem Raum von etwa 8 bis 20 Quadratmeter befestigen. Ideal Dimmbare Deckenleuchte Wohnzimmer, Deckenlampe Wohnzimmer Dimmbar, Deckenbeleuchtung, Lampe Schlafzimmer, Kinderzimmer, Esszimmer, Arbeitszimmer, Werkstatt, K\u00fcche, Flur , Diele, Balkon, Korridor, Keller, Treppenhaus, Lager usw, wo neutralwei\u00dfes Licht eine gem\u00fctliche Atmosph\u00e4re erzeugt.<\/span><\/li>\n<li class=\"a-spacing-mini\"><span class=\"a-list-item\">\u3010Einfache Montage Deckenlampen Led Dimmbar\u3011 \u25ba Die Montagemethode dieser LED-Leuchte ist einfach, Wenn Sie sie nach dem Lesen der Anleitung nicht installieren k\u00f6nnen, k\u00f6nnen Sie den Elektriker um Hilfe bitten, sie einfach auf die Montageschiene schieben und Sie k\u00f6nnen sie sofort verwenden.<\/span><\/li>\n<li class=\"a-spacing-mini\"><span class=\"a-list-item\">\u3010Timerfunktion und Nachtlichtfunktion\u3011 \u25baWenn Sie Angst vor Schwarzen oder Kindern haben, k\u00f6nnen Sie diese Deckenlampe Flach vor dem Schlafengehen in den Nachtlichtmodus und auf eine halbst\u00fcndige oder 1-st\u00fcndige Timer-Off-Funktion stellen, um Ihnen beim Herunterfallen zu helfen friedlich eingeschlafen.<\/span><\/li>\n<\/ul>\n","protected":false},"featured_media":1790,"comment_status":"open","ping_status":"closed","template":"","meta":{"site-sidebar-layout":"default","site-content-layout":"default","ast-global-header-display":"","ast-main-header-display":"","ast-hfb-above-header-display":"","ast-hfb-below-header-display":"","ast-hfb-mobile-header-display":"","site-post-title":"","ast-breadcrumbs-content":"","ast-featured-img":"","footer-sml-layout":"","theme-transparent-header-meta":"default","adv-header-id-meta":"","stick-header-meta":"","header-above-stick-meta":"","header-main-stick-meta":"","header-below-stick-meta":""},"product_brand":[],"product_cat":[15],"product_tag":[],"class_list":{"0":"post-1527","1":"product","2":"type-product","3":"status-publish","4":"has-post-thumbnail","6":"product_cat-ceiling-light","7":"desktop-align-left","8":"tablet-align-left","9":"mobile-align-left","10":"ast-product-gallery-layout-horizontal-slider","11":"ast-product-single-variable","12":"ast-product-tabs-layout-horizontal","13":"ast-qv-on-image","15":"first","16":"instock","17":"shipping-taxable","18":"purchasable","19":"product-type-variable"},"_links":{"self":[{"href":"https:\/\/www.sunzos.net\/index.php\/wp-json\/wp\/v2\/product\/1527","targetHints":{"allow":["GET"]}}],"collection":[{"href":"https:\/\/www.sunzos.net\/index.php\/wp-json\/wp\/v2\/product"}],"about":[{"href":"https:\/\/www.sunzos.net\/index.php\/wp-json\/wp\/v2\/types\/product"}],"replies":[{"embeddable":true,"href":"https:\/\/www.sunzos.net\/index.php\/wp-json\/wp\/v2\/comments?post=1527"}],"wp:featuredmedia":[{"embeddable":true,"href":"https:\/\/www.sunzos.net\/index.php\/wp-json\/wp\/v2\/media\/1790"}],"wp:attachment":[{"href":"https:\/\/www.sunzos.net\/index.php\/wp-json\/wp\/v2\/media?parent=1527"}],"wp:term":[{"taxonomy":"product_brand","embeddable":true,"href":"https:\/\/www.sunzos.net\/index.php\/wp-json\/wp\/v2\/product_brand?post=1527"},{"taxonomy":"product_cat","embeddable":true,"href":"https:\/\/www.sunzos.net\/index.php\/wp-json\/wp\/v2\/product_cat?post=1527"},{"taxonomy":"product_tag","embeddable":true,"href":"https:\/\/www.sunzos.net\/index.php\/wp-json\/wp\/v2\/product_tag?post=1527"}],"curies":[{"name":"wp","href":"https:\/\/api.w.org\/{rel}","templated":true}]}}